{"id":370,"date":"2018-10-15T11:26:48","date_gmt":"2018-10-15T15:26:48","guid":{"rendered":"http:\/\/www.proinpa.org\/ILC_2019\/?page_id=370"},"modified":"2019-01-08T11:58:57","modified_gmt":"2019-01-08T15:58:57","slug":"inscripcion","status":"publish","type":"page","link":"https:\/\/www.proinpa.org\/ILC_2019\/es\/inscripcion\/","title":{"rendered":"Inscripci\u00f3n"},"content":{"rendered":"<h3>Instrucciones sobre las cuotas de inscripci\u00f3n y formas de pago. Procedimiento de Inscripci\u00f3n y Pol\u00edtica de Cancelaci\u00f3n\/Reembolso<\/h3>\n<hr \/>\n<p><strong>Cuotas y Formas de pago<\/strong><\/p>\n<p><a href=\"http:\/\/www.proinpa.org\/ILC_2019\/es\/fees-2\/\">Haga Click para acceder al plan de pago<\/a><\/p>\n<hr \/>\n<p><strong>Procedimiento de Inscripci\u00f3n<\/strong><\/p>\n<ul>\n<li><a href=\"http:\/\/www.proinpa.org\/ILC_2019\/wp-content\/uploads\/2018\/10\/Formulario-de-Registro_espa\u00f1ol.docx\">Descargar el Formato de Inscripci\u00f3n<\/a><\/li>\n<li>Llenar el formato y guardar el archivo como: surname.doc o surname.docx<\/li>\n<li>Enviarlo como archivo adjunto a: <a href=\"mailto:ilc2019@proinpa.org\">ilc2019@proinpa.org<\/a>, indicando como asunto: \u201cRegistro \u2013 apellido\u201d<\/li>\n<li>recibir\u00e1 un mensaje de confirmaci\u00f3n de recepci\u00f3n<\/li>\n<li>Puede hacer el pago mediante una de las siguientes formas:\n<ul>\n<li>Transferencia a una cuenta bancaria (ver detalles en el Formato de Inscripci\u00f3n)<\/li>\n<li>Enviar el dinero a trav\u00e9s de Western Union o MoneyGram, a nombre de Wilson Melgarejo Linares<\/li>\n<li>Pagar directamente el primer d\u00eda de la conferencia<\/li>\n<\/ul>\n<\/li>\n<\/ul>\n<p><strong>Pol\u00edtica de Cancelaci\u00f3n\/Reembolso<\/strong><\/p>\n<p>En caso de que, por alg\u00fan motivo, Ud. necesita cancelar su inscripci\u00f3n, puede reasignar su inscripci\u00f3n a otra persona y comunicar, de inmediato, a la Secretar\u00eda de la Conferencia.<\/p>\n<p>Si no dispone de un reemplazo, el Comit\u00e9 Organizador Local le reembolsar\u00e1 el 80% de los montos pagados.<\/p>\n<p>Si, por alguna raz\u00f3n, que est\u00e1 fuera de control del Comit\u00e9 Organizador Local, se cancelara la Conferencia, los pagos por inscripci\u00f3n se reembolsar\u00e1n una vez deducidos los gastos ya incurridos.<\/p>\n<hr \/>\n<div><strong>Posibilidades de media beca para inscripci\u00f3n:<\/strong><\/div>\n<div><\/div>\n<div>El ILA (Asociaci\u00f3n Internacional del Lupino) comunica que puede otorgar medias becas para la inscripci\u00f3n a investigadores interesados en participar en la XV Conferencia Internacional del Lupino. Las personas interesadas por favor contactarse con el Dr. Andr\u00e9s Ravelo (<a href=\"mailto:ravelo43@gmail.com\" target=\"_blank\" rel=\"noopener\">ravelo43@gmail.com<\/a>)<\/div>\n","protected":false},"excerpt":{"rendered":"<p>Instrucciones sobre las cuotas de inscripci\u00f3n y formas de pago. Procedimiento de Inscripci\u00f3n y Pol\u00edtica de Cancelaci\u00f3n\/Reembolso Cuotas y Formas de pago Haga Click para acceder al plan de pago Procedimiento de Inscripci\u00f3n Descargar el Formato de Inscripci\u00f3n Llenar el formato y guardar el archivo como: surname.doc o surname.docx Enviarlo como archivo adjunto a: ilc2019@proinpa.org, [&hellip;]<\/p>\n","protected":false},"author":1,"featured_media":0,"parent":0,"menu_order":0,"comment_status":"closed","ping_status":"closed","template":"","meta":{"ngg_post_thumbnail":0,"footnotes":""},"class_list":["post-370","page","type-page","status-publish","hentry"],"_links":{"self":[{"href":"https:\/\/www.proinpa.org\/ILC_2019\/wp-json\/wp\/v2\/pages\/370","targetHints":{"allow":["GET"]}}],"collection":[{"href":"https:\/\/www.proinpa.org\/ILC_2019\/wp-json\/wp\/v2\/pages"}],"about":[{"href":"https:\/\/www.proinpa.org\/ILC_2019\/wp-json\/wp\/v2\/types\/page"}],"author":[{"embeddable":true,"href":"https:\/\/www.proinpa.org\/ILC_2019\/wp-json\/wp\/v2\/users\/1"}],"replies":[{"embeddable":true,"href":"https:\/\/www.proinpa.org\/ILC_2019\/wp-json\/wp\/v2\/comments?post=370"}],"version-history":[{"count":7,"href":"https:\/\/www.proinpa.org\/ILC_2019\/wp-json\/wp\/v2\/pages\/370\/revisions"}],"predecessor-version":[{"id":575,"href":"https:\/\/www.proinpa.org\/ILC_2019\/wp-json\/wp\/v2\/pages\/370\/revisions\/575"}],"wp:attachment":[{"href":"https:\/\/www.proinpa.org\/ILC_2019\/wp-json\/wp\/v2\/media?parent=370"}],"curies":[{"name":"wp","href":"https:\/\/api.w.org\/{rel}","templated":true}]}}