{"id":53,"date":"2018-01-31T13:51:03","date_gmt":"2018-01-31T13:51:03","guid":{"rendered":"http:\/\/www.proinpa.org\/ILC_2019\/?page_id=53"},"modified":"2019-03-14T12:06:03","modified_gmt":"2019-03-14T16:06:03","slug":"sponsors","status":"publish","type":"page","link":"https:\/\/www.proinpa.org\/ILC_2019\/en\/sponsors\/","title":{"rendered":"Sponsors"},"content":{"rendered":"<p><img loading=\"lazy\" decoding=\"async\" class=\"size-full wp-image-474 aligncenter\" src=\"http:\/\/www.proinpa.org\/ILC_2019\/wp-content\/uploads\/2018\/11\/fontagro-logo.png\" alt=\"\" width=\"184\" height=\"200\" \/><\/p>\n<p style=\"text-align: center;\"><span style=\"color: #003366;\"><a style=\"color: #003366;\" href=\"http:\/\/www.fontagro.org\/es\/\">www.fontagro.org<\/a><\/span><\/p>\n<hr \/>\n<p><img loading=\"lazy\" decoding=\"async\" class=\"size-medium wp-image-473 aligncenter\" src=\"http:\/\/www.proinpa.org\/ILC_2019\/wp-content\/uploads\/2018\/11\/7592835-logo-300x300.png\" alt=\"\" width=\"300\" height=\"300\" srcset=\"https:\/\/www.proinpa.org\/ILC_2019\/wp-content\/uploads\/2018\/11\/7592835-logo-300x300.png 300w, https:\/\/www.proinpa.org\/ILC_2019\/wp-content\/uploads\/2018\/11\/7592835-logo-150x150.png 150w, https:\/\/www.proinpa.org\/ILC_2019\/wp-content\/uploads\/2018\/11\/7592835-logo.png 400w\" sizes=\"auto, (max-width: 300px) 100vw, 300px\" \/><\/p>\n<p style=\"text-align: center;\"><span style=\"color: #003366;\"><a style=\"color: #003366;\" href=\"http:\/\/www.mcknight.org\">www.mcknight.org<\/a><\/span><\/p>\n<hr \/>\n<p><img loading=\"lazy\" decoding=\"async\" class=\"size-medium wp-image-596 aligncenter\" src=\"http:\/\/www.proinpa.org\/ILC_2019\/wp-content\/uploads\/2019\/03\/HIVOS-2-300x174.jpg\" alt=\"\" width=\"300\" height=\"174\" srcset=\"https:\/\/www.proinpa.org\/ILC_2019\/wp-content\/uploads\/2019\/03\/HIVOS-2-300x174.jpg 300w, https:\/\/www.proinpa.org\/ILC_2019\/wp-content\/uploads\/2019\/03\/HIVOS-2.jpg 314w\" sizes=\"auto, (max-width: 300px) 100vw, 300px\" \/><\/p>\n<p style=\"text-align: center;\"><a href=\"https:\/\/www.hivos.org\/\" target=\"_blank\" rel=\"noopener\">www.hivos.org<\/a><\/p>\n<hr \/>\n<p><img loading=\"lazy\" decoding=\"async\" class=\"aligncenter wp-image-555 size-medium\" src=\"http:\/\/www.proinpa.org\/ILC_2019\/wp-content\/uploads\/2018\/11\/logo-ACB-290x300.png\" alt=\"\" width=\"290\" height=\"300\" srcset=\"https:\/\/www.proinpa.org\/ILC_2019\/wp-content\/uploads\/2018\/11\/logo-ACB-290x300.png 290w, https:\/\/www.proinpa.org\/ILC_2019\/wp-content\/uploads\/2018\/11\/logo-ACB.png 336w\" sizes=\"auto, (max-width: 290px) 100vw, 290px\" \/><\/p>\n<p style=\"text-align: center;\"><span style=\"color: #003366;\"><a style=\"color: #003366;\" href=\"https:\/\/www.facebook.com\/asociaciondechefsdebolivia\/\">Asociaci\u00f3n de Chefs de Bolivia<\/a><\/span><\/p>\n<hr \/>\n<p><img loading=\"lazy\" decoding=\"async\" class=\"aligncenter wp-image-556 size-medium\" src=\"http:\/\/www.proinpa.org\/ILC_2019\/wp-content\/uploads\/2018\/11\/Logo-Fundaci\u00f3n-Pati\u00f1o-300x94.png\" alt=\"\" width=\"300\" height=\"94\" srcset=\"https:\/\/www.proinpa.org\/ILC_2019\/wp-content\/uploads\/2018\/11\/Logo-Fundaci\u00f3n-Pati\u00f1o-300x94.png 300w, https:\/\/www.proinpa.org\/ILC_2019\/wp-content\/uploads\/2018\/11\/Logo-Fundaci\u00f3n-Pati\u00f1o.png 448w\" sizes=\"auto, (max-width: 300px) 100vw, 300px\" \/><\/p>\n<p style=\"text-align: center;\"><span style=\"color: #003366;\"><a style=\"color: #003366;\" href=\"http:\/\/www.fondationpatino.org\/sp\/foundation\/\">FUNDACI\u00d3N SIM\u00d3N I. PATI\u00d1O<\/a><\/span><\/p>\n<p><img loading=\"lazy\" decoding=\"async\" class=\"size-medium wp-image-557 aligncenter\" src=\"http:\/\/www.proinpa.org\/ILC_2019\/wp-content\/uploads\/2018\/11\/Logo-Hotel-Cochabamba-300x232.png\" alt=\"\" width=\"300\" height=\"232\" srcset=\"https:\/\/www.proinpa.org\/ILC_2019\/wp-content\/uploads\/2018\/11\/Logo-Hotel-Cochabamba-300x232.png 300w, https:\/\/www.proinpa.org\/ILC_2019\/wp-content\/uploads\/2018\/11\/Logo-Hotel-Cochabamba.png 435w\" sizes=\"auto, (max-width: 300px) 100vw, 300px\" \/><\/p>\n<p style=\"text-align: center;\"><span style=\"color: #003366;\"><a style=\"color: #003366;\" href=\"http:\/\/granhotelcochabamba.com.bo\/\">HOTEL COCHABAMBA<\/a><\/span><\/p>\n<hr \/>\n<p style=\"text-align: center;\"><img loading=\"lazy\" decoding=\"async\" class=\"size-medium wp-image-558 aligncenter\" src=\"http:\/\/www.proinpa.org\/ILC_2019\/wp-content\/uploads\/2018\/11\/Logo-Ultimo-Panaseri-300x150.png\" alt=\"\" width=\"300\" height=\"150\" srcset=\"https:\/\/www.proinpa.org\/ILC_2019\/wp-content\/uploads\/2018\/11\/Logo-Ultimo-Panaseri-300x150.png 300w, https:\/\/www.proinpa.org\/ILC_2019\/wp-content\/uploads\/2018\/11\/Logo-Ultimo-Panaseri.png 448w\" sizes=\"auto, (max-width: 300px) 100vw, 300px\" \/><span style=\"color: #003366;\"><a style=\"color: #003366;\" href=\"http:\/\/www.panaseri.com\/panaseriweb\/\">www.panaseri.com<\/a><\/span><\/p>\n","protected":false},"excerpt":{"rendered":"<p>www.fontagro.org www.mcknight.org www.hivos.org Asociaci\u00f3n de Chefs de Bolivia FUNDACI\u00d3N SIM\u00d3N I. PATI\u00d1O HOTEL COCHABAMBA www.panaseri.com<\/p>\n","protected":false},"author":1,"featured_media":0,"parent":0,"menu_order":0,"comment_status":"closed","ping_status":"closed","template":"","meta":{"ngg_post_thumbnail":0,"footnotes":""},"class_list":["post-53","page","type-page","status-publish","hentry"],"_links":{"self":[{"href":"https:\/\/www.proinpa.org\/ILC_2019\/wp-json\/wp\/v2\/pages\/53","targetHints":{"allow":["GET"]}}],"collection":[{"href":"https:\/\/www.proinpa.org\/ILC_2019\/wp-json\/wp\/v2\/pages"}],"about":[{"href":"https:\/\/www.proinpa.org\/ILC_2019\/wp-json\/wp\/v2\/types\/page"}],"author":[{"embeddable":true,"href":"https:\/\/www.proinpa.org\/ILC_2019\/wp-json\/wp\/v2\/users\/1"}],"replies":[{"embeddable":true,"href":"https:\/\/www.proinpa.org\/ILC_2019\/wp-json\/wp\/v2\/comments?post=53"}],"version-history":[{"count":6,"href":"https:\/\/www.proinpa.org\/ILC_2019\/wp-json\/wp\/v2\/pages\/53\/revisions"}],"predecessor-version":[{"id":598,"href":"https:\/\/www.proinpa.org\/ILC_2019\/wp-json\/wp\/v2\/pages\/53\/revisions\/598"}],"wp:attachment":[{"href":"https:\/\/www.proinpa.org\/ILC_2019\/wp-json\/wp\/v2\/media?parent=53"}],"curies":[{"name":"wp","href":"https:\/\/api.w.org\/{rel}","templated":true}]}}